the prime factors of h.
2, 5
Let c = 106 + -36. Suppose -2*j - 5*m + c = 0, -6*j - m + 129 = -j. List the prime factors of j.
5
Let w be (0 + 1)*-1*-1. Let l(b) = b + 5. Let c be l(4). Suppose -c = -r - w. What are the prime factors of r?
2
What are the prime factors of (-852)/(-7) - (-3 + (-76)/(-28))?
2, 61
Let a(m) = m. Let z be a(2). What are the prime factors of (1/z)/((-1)/(-22))?
11
Suppose -b = r, -5*b = 3*r - 0 + 6. Suppose -r*o = -9, -4*o = 3*i - 3 - 24. List the prime factors of i.
5
What are the prime factors of (6/(-18))/((-2)/276)?
2, 23
Let c = -27 - -40. Suppose t - c = 4. Let o = t - 5. List the prime factors of o.
2, 3
Suppose 160 = 8*u - 3*u. What are the prime factors of u?
2
List the prime factors of (-2292)/(-18) - (-4)/6.
2
Let h(g) = -5*g**3 + g**2 + 2*g + 1. Let o be 15/(-20) - 1/4. Let j be h(o). Suppose j*q + 2*l - 27 = 0, l + 3 - 4 = 0. What are the prime factors of q?
5
Suppose -x - 70 = -6*x. Let m = 3 - 0. What are the prime factors of (1 - m)/1 + x?
2, 3
Let m(a) = -a**2 - a + 74. List the prime factors of m(0).
2, 37
What are the prime factors of 2*(-4)/((-32)/76)?
19
Suppose 3*i + 5*u = -0*i + 49, 0 = -2*i - u + 35. Let x = -2 + i. What are the prime factors of x?
2
Let d(b) = b**3 - 4*b**2 - 7*b + 9. List the prime factors of d(6).
3, 13
Suppose m - 1 - 3 = -2*q, -q - 3 = -2*m. Suppose -4*n = -5*n + m. Suppose -n*g - g = -21. What are the prime factors of g?
7
Suppose t + t - 5*o = -17, 2*t = -2*o + 18. Suppose 0 = -z + 3*z - t*d - 78, -43 = -z - 2*d. What are the prime factors of z?
41
Suppose -25 = -3*h - 4*u, 0*u + 15 = h + 3*u. Let f be (-20)/15*-1*h. List the prime factors of 111/21 - f/14.
5
Suppose -5*s - 25 = -b - b, 3*s = -15. Suppose -2*q + b*c - 8 = -2*c, -4*q - 4*c - 40 = 0. List the prime factors of 4/q*21/(-6).
2
Suppose 5*n - 296 = 329. What are the prime factors of n?
5
Let d be -1 + 0 + 0 + 1. Suppose 4*j - 12 + 4 = d. List the prime factors of j.
2
Let y = -30 - -55. What are the prime factors of y?
5
Suppose -7 = -5*f - h, 2*f + 5 = -3*h - 0*h. Suppose -2*z = 5*l + 11, 0 = z + 4*z - f*l + 42. Let i = -3 - z. What are the prime factors of i?
5
Suppose 17 = 2*h + 15. Let o(u) = 60*u**2 - 2*u. List the prime factors of o(h).
2, 29
Let a(r) = 5*r**2 - 7*r - 2. What are the prime factors of a(5)?
2, 11
Suppose 0 = -3*l, y + 2*y - 27 = 5*l. List the prime factors of y.
3
Let v be (10/(-3) - -4)*162. Suppose -w = -5*n - 27, 5*w + 3*n - v = n. List the prime factors of w.
2, 11
What are the prime factors of -2*(-2)/(8/62)?
31
Let h(t) = -t**3 + 2*t - 1. Let n be h(-2). Suppose 2*p = -6 + 2, -5*q + 169 = n*p. What are the prime factors of q?
5, 7
Let d(j) = -3*j + 0 - 1 - 3*j + 2*j. List the prime factors of d(-1).
3
Let o(r) = r**3 + 5*r**2 - 5*r - 3. Let j be o(-5). Let x = -4 + j. List the prime factors of x.
2, 3
Let o = -4 + 16. Let m be 53/3 - o/18. Let u = m - 6. What are the prime factors of u?
11
What are the prime factors of ((-5)/(70/(-396)))/((-3)/(-14))?
2, 3, 11
Let o(v) = 6*v**2 - 2*v - 1. List the prime factors of o(2).
19
Let a(g) = 6*g**2 - 10 + 0*g**2 + g**3 - 10*g + 1. Let c be a(-7). Let d = c + -8. List the prime factors of d.
2
What are the prime factors of (5 + -9)*-5*2?
2, 5
Suppose -3*i + 7 = -5. Suppose 116 = i*k + 4*y, 2*k - 4*y + 0 = 34. What are the prime factors of k?
5
Let p be (-1)/(2/(-6)*-1). Let o = 29 + p. Suppose -3*m + 13 = -o. List the prime factors of m.
13
Suppose -6 = -4*l + 18. Let s be ((-6)/(-4))/(l/(-8)). Let n = s - -5. What are the prime factors of n?
3
Let o be 265*3/(-15)*-4. Let q be 4/(-14) + o/7. Suppose 0*l - 5*l + q = 0. List the prime factors of l.
2, 3
Let u = -48 + 24. Let q = u + 46. List the prime factors of q.
2, 11
Let i be (18/(-5))/(54/180). Let f(l) = 2*l**2 - 10*l + 9. Let u be f(6). Let x = i + u. What are the prime factors of x?
3
Suppose -3*n = 3*m - 85 - 20, -4*n = -m - 165. List the prime factors of n.
2, 5
Let w = -5 - -8. Suppose c = -4*p + 24, 2*p + w*p - 30 = -5*c. What are the prime factors of p?
2, 3
Let o(c) = c**2 + 9*c + 2. What are the prime factors of o(-12)?
2, 19
Suppose -3*r + 2*x = -16 - 34, 5*x = -r + 28. Suppose -6*n + 4*n = -r. List the prime factors of n.
3
What are the prime factors of (8/(-3))/((-14)/42)?
2
Let w(s) = -4*s - 1. Let r be w(-1). Let g be ((-3)/9 + 28/(-6))/(-1). Suppose -g*u = r*i - 66 - 14, -2*i - 10 = 0. List the prime factors of u.
19
Suppose 0 = -3*y - y - 24. What are the prime factors of (27/y)/((-1)/2)?
3
Let n(g) = 2*g**2 - 3. List the prime factors of n(3).
3, 5
Suppose -v = 2*v + 3*f - 225, -3*v - 2*f = -228. What are the prime factors of v?
2, 3, 13
Let o = 30 + 38. What are the prime factors of o?
2, 17
Suppose 5*p + 0*p = 25. Let f = -76 - -78. Suppose 3*u - p*z - 67 = 0, -u + f*u + 5*z - 9 = 0. What are the prime factors of u?
19
Suppose 0 = 5*h + 15. Let w(j) = j**2 - 4*j. List the prime factors of w(h).
3, 7
Suppose -4*g = 59 + 129. Let r = -26 - g. Suppose 2*u - r = -3. What are the prime factors of u?
3
Let w(z) = 13*z**3 - 2*z**2 - 2*z + 1. What are the prime factors of w(2)?
3, 31
Let b = 442 - 280. List the prime factors of b.
2, 3
Let n(r) be the third derivative of r**7/840 + r**6/360 + r**5/120 - r**4/12 + r**2. Let h(w) be the second derivative of n(w). List the prime factors of h(-2).
3
Suppose 4 = -a, -6*b + 3*a = -3*b - 378. List the prime factors of b.
2, 61
Let b(z) = 293*z**2 - 8*z - 8. What are the prime factors of b(-1)?
293
Suppose -6*g + 1230 - 48 = 0. List the prime factors of g.
197
Suppose -4*k = -4*t - 124, -t - 62 = -k - k. Let r = -17 + k. List the prime factors of r.
2, 7
Let s = -1 - -10. What are the prime factors of 4/3*s/6?
2
Let u(q) = 2*q - 7. Let f be u(3). What are the prime factors of ((-4)/3)/(f/3)?
2
Let q = -11 - -16. Let a = q + 13. What are the prime factors of a?
2, 3
Suppose 4*v + 117 = 3*u, -u - 11 = -3*v - 50. Suppose -5*p + p + 4*j + 56 = 0, 3*p - 2*j = u. What are the prime factors of p?
11
Suppose 1111 - 131 = 5*s + 5*y, -2*s = -5*y - 420. What are the prime factors of s?
2, 5
Suppose 4*c = p + 2*p - 74, c + 5 = 0. List the prime factors of p.
2, 3
Let n(k) = -k**2 - k - 5. Suppose 4*g = 3*g - 11. Let b(s) = -5*s**2 - 4*s - 25. Let y(i) = g*n(i) + 2*b(i). What are the prime factors of y(-5)?
3, 5
Suppose 8*d = 3*d + 475. What are the prime factors of d?
5, 19
Let k = 3 - 2. Let q(n) = 7*n - 1. What are the prime factors of q(k)?
2, 3
Let v be 2/5 - 174/(-15). Suppose 2*j + n - 46 = -4*n, 3*n = v. Let t = j + -6. List the prime factors of t.
7
Let i(m) = m**3 + 7*m**2 - 8*m + 2. What are the prime factors of i(-8)?
2
Suppose s - 6*s = -i - 110, -2*s + 27 = 3*i. Let m = s + 17. What are the prime factors of m?
2, 19
Let d = 432 + -114. List the prime factors of d.
2, 3, 53
Let c(d) = -d**2 - 6*d + 2. Let v be (-2 + 3)/(1/(-6)). Let a be c(v). Suppose -a*b + b = -6. List the prime factors of b.
2, 3
Suppose -5*c - 3*h = -4*h - 101, 4*c - 4*h = 84. Suppose -c = -3*a + 2*v + 14, -4*a = -v - 37. List the prime factors of a.
2
Suppose -z = -3*h + 142, 2*h - 83 = -0*h + 3*z. Let b be -1 + 3 + h*1. Suppose -3*s + b = 18. What are the prime factors of s?
11
Let p be (-1)/(2/8) + 1. Let j = p - -5. Suppose -11 = -j*s - 1. List the prime factors of s.
5
Let q(c) = c**3 + 8*c**2 - 10*c - 10. What are the prime factors of q(-8)?
2, 5, 7
Suppose -5*q - 2*r + 7 = 0, -9 + 4 = -q - 4*r. Let j(z) = 29*z - 12*z - 11*z. What are the prime factors of j(q)?
2, 3
Suppose z = -3*r - 0*z + 74, -5*r - 2*z + 123 = 0. List the prime factors of r.
5
Let o be -6 - (-2 + 1 + 1). Let t = -11 - o. Let h = 15 + t. List the prime factors of h.
2, 5
Let l(r) = r - 8. Suppose 26 = 3*a + 5*b - 18, 3*a - 36 = 3*b. Let x be l(a). What are the prime factors of (-2)/x + 111/15?
7
Suppose -3*j = -8*j + 80. List the prime factors of j.
2
Let a be 2 - ((-15)/(-5) + -4). Let h = -10 - -28. Suppose 5*d + a*o - h = 2*d, -d + 2*o = 6. What are the prime factors of d?
2
Let x(o) = -5*o**3 + 2*o**2 + 8. What are the prime factors of x(-3)?
7, 23
Suppose 19 = 4*d - 4*v - 45, 2*v + 45 = 3*d. What are the prime factors of d?
13
Let y(b) = b**3 + 4*b**2 - 3*b + 2. Let q(p) = p - 1. Let o(u) = 2*q(u) + y(u). Let j be -2 - (0 - (-1 - 0)). What are the prime factors of o(j)?
2, 3
Let 